8 = -4*w + 2*n + 96, 3*w - 81 = -3*n. What is the greatest common divisor of w and 2?
2
Let t(d) = d**2 + 4*d - 3. Let j be t(-5). Suppose -2*c = -5*x + 97, 0*c + 43 = j*x - 5*c. What is the highest common divisor of x and 95?
19
Let r = 61 + -50. What is the highest common factor of r and 11?
11
Let n = -5 - -6. Let r = n + 43. Let q be (-2)/7 + (-158)/(-14). What is the highest common divisor of q and r?
11
Suppose -d - 220 = -3*d. Suppose m + m = d. What is the greatest common divisor of m and 11?
11
Let u(s) = 19*s. Let g(z) = 475*z. Let j(r) = 3*g(r) - 76*u(r). Let n be j(-5). Calculate the greatest common divisor of n and 38.
19
Let u(z) = -80*z**3 + z**2 - 1. Let l be u(-1). Suppose 5*t - 70 = l. What is the highest common factor of 12 and t?
6
Suppose 0 = 4*y - 2*w - 266, 0 = -w - 3 + 2. Calculate the greatest common factor of 22 and y.
22
Suppose -4*t = 6*t - 210. Let h be (1 + 0)/(1/3). What is the highest common divisor of t and h?
3
Suppose 411 = 4*k - 709. What is the highest common factor of k and 40?
40
Let k be -2 - -5 - -11 - 2. Suppose a - 15 = -3*p + 2*a, 4*p - 4*a - k = 0. Suppose 0*d + 2*d - 12 = 0. What is the highest common factor of p and d?
6
Let z(q) = -30*q + 24. Let h(y) = -6*y + 5. Let c(w) = 14*h(w) - 3*z(w). Let r be c(2). Calculate the highest common divisor of r and 15.
5
Let t be (-2744)/(-105) - 2/15. Let z = 43 - t. Let f be ((-17)/(-2))/(2/4). Calculate the greatest common divisor of z and f.
17
Suppose -4*a = b + 22, -b - 2 + 4 = 0. Let p be (-1)/((-3)/a) + 7. Let u be 52 + 1 + (2 - p). Calculate the greatest common factor of 10 and u.
10
Let j be (-12)/(-1)*(-5)/3. Let k = -4 - j. Suppose 0*t + 5*t - 560 = 0. Calculate the greatest common factor of t and k.
16
Let c be 12/((-15)/(-16) + -1). Let m be -1 + 2 + (5 - c). What is the highest common divisor of m and 18?
18
Suppose 4*d - u - 8 = 3*u, 2*d = 4*u. Suppose -i - d*i = -160. What is the highest common factor of 16 and i?
16
Let o = 8 + 0. Suppose 0*c = -2*c + 8. Calculate the highest common divisor of c and o.
4
Suppose 3*z - 2 = 10. Let y be -3 + (-2)/2 + 2304/48. Calculate the highest common factor of z and y.
4
Let a be (1*-13)/(-5 + 6). Let x be 2 - a - (-4)/4. Suppose 0 = -4*h + 3*n + 143 - x, -n - 61 = -2*h. Calculate the highest common divisor of h and 14.
14
Suppose -n + 10 = -2. Calculate the greatest common divisor of n and 96.
12
Let i be (78/8)/(6/32). Calculate the greatest common divisor of i and 13.
13
Let a be (0 + 0/(-3))/2 + 3. Calculate the greatest common factor of a and 12.
3
Let j be 6*((-12)/(-9) + -1). Suppose 2*m - 2*n + j = 0, 5*m - 2 = 2*n + 2. What is the greatest common divisor of 6 and m?
2
Let m(z) = 2*z**2 + 3*z - 9. Let i be m(7). Let k be 25*-1*4/(-10). Calculate the greatest common divisor of i and k.
10
Let s be ((-12)/(-2))/((-2)/(-24)). Let a(w) = 4*w - w**2 - 2*w - 2 + 7*w**2. Let o be a(-2). What is the highest common divisor of s and o?
18
Suppose 0*x + 2*c + 119 = 3*x, -x = 2*c - 37. Suppose -32 = -j - 3*j. Suppose -j = -3*u + 31. Calculate the highest common factor of x and u.
13
Let c = 251 - 100. Let y = c - 91. Calculate the highest common divisor of 20 and y.
20
Let f = -3 + 3. Let b be 7*(14/2 + f). Calculate the highest common factor of b and 7.
7
Let h be (3 + 1 + -3)*2. Suppose h = 3*v - 7. Suppose -v*g - o = -0*g - 33, 2*o - 16 = -g. Calculate the highest common factor of 10 and g.
10
Suppose 2*x = 2*f - 112, 3*x = f + 7*x - 31. Suppose 0 = 2*m - 674 + 150. Suppose m = 5*j + 92. Calculate the greatest common factor of j and f.
17
Let q(m) = m**2 - 11*m + 28. Let h be q(19). Calculate the highest common factor of 20 and h.
20
Let z(i) = 2*i**2 + 0 + 3 - i**2 + 0 + i. Let j be z(0). Let u(k) = 2*k**3 + k**2. Let s be u(1). Calculate the highest common factor of j and s.
3
Let b(h) = h**2 - 6*h + 2. Let j be b(8). Let q be 6/3*(1 - 0). Calculate the highest common factor of q and j.
2
Let b be 2/(-2*(-3)/(-21)). Let p(y) = y**2 + 2*y + 10. Let o be p(b). What is the highest common divisor of o and 30?
15
Suppose -94 - 116 = -5*n. What is the greatest common factor of n and 6?
6
Suppose 0 = -2*p + 8. What is the highest common factor of 36 and p?
4
Let v = -150 - -259. Suppose v = w - 2*k, -104 = -3*w - 5*k + 256. Calculate the greatest common divisor of w and 23.
23
Suppose 5*r - 3*r + 4*h - 26 = 0, 2*r + 2*h - 18 = 0. Suppose 62 = 3*k - r*v, -2*k = -v + 2*v - 24. What is the greatest common divisor of k and 7?
7
Suppose 3*i + 7 = -23. Let q be (-86)/i - 46/(-115). Calculate the highest common divisor of q and 9.
9
Let b = -31 - -96. Let q be 32/6 - 1/3. Suppose -s + 46 = q*h, -6*s + 120 = -2*s + 4*h. What is the highest common divisor of b and s?
13
Let s = -5 - -22. What is the greatest common divisor of s and 119?
17
Suppose 0 = -0*z + z - 8. Let g = 106 - 18. Calculate the highest common factor of z and g.
8
Let q(a) = 144*a**2 - 1. Let s be q(1). Suppose -3*j + 120 = 3*p, -5*p + 36 = j - 16. Let i = s + j. Calculate the highest common divisor of 20 and i.
20
Let a be (-10)/(-25)*(-35 + 0). Let k = 34 + a. Calculate the greatest common factor of k and 20.
20
Let w be (-18)/4*(-4)/2. Let t be w/6*(-32)/(-6). Calculate the highest common divisor of 48 and t.
8
Let z be -1*(1 - -2)*-3. Suppose 5*h = -5*l + 55, -l + 11 = h + 4*l. Suppose -2*w = h - 29. Calculate the highest common factor of w and z.
9
Suppose 48 = 5*h + 3. Suppose 0*c + 3*c - 5*z + 25 = 0, 0 = -3*c - 2*z + 10. Suppose 36 = l - c*l. Calculate the greatest common factor of h and l.
9
Suppose 3*f - 410 = -0*f - 2*g, -5*f = -3*g - 715. What is the greatest common divisor of f and 60?
20
Let u = -1 + 3. Suppose u*a + 50 = 7*a. What is the highest common factor of a and 10?
10
Suppose -56 = -2*n + 2*k, n + 3*k = -n + 76. Calculate the highest common factor of n and 80.
16
Let q be (-2)/8 - (5 - 1364/16). Calculate the highest common factor of 48 and q.
16
Suppose 0 = -2*o - 2*o - 36. Let w = o + 13. What is the highest common divisor of w and 2?
2
Suppose -250 = -4*i - 2*y, -5*i + 2*y + 221 = -114. Calculate the highest common factor of 13 and i.
13
Suppose -10*l + 3*l = -77. Calculate the highest common divisor of l and 22.
11
Let h(t) = -t**3 - t**2 + t + 2. Let y be h(-3). Suppose -2*a + 50 + 188 = 0. Calculate the highest common divisor of y and a.
17
Suppose f - 40 = -3*f. Let g = f + -41. Let h be g/(-5) - 5/25. What is the highest common factor of h and 15?
3
Suppose -12 = 2*y - 5*y. Suppose -y*b + 2*b = -12. Calculate the highest common factor of b and 2.
2
Let a be -6*((-12)/(-9) - 2). Let n(r) = 6*r. Let i be n(1). Calculate the greatest common divisor of a and i.
2
Suppose 2*x = -450 + 144. Let n be (-274)/(-18) + 34/x. What is the greatest common factor of n and 15?
15
Let m(r) = 2*r**3 + 4*r + 3. Let z be m(-3). Suppose 3*t - 38 = 4*t. Let x = t - z. Calculate the highest common divisor of 5 and x.
5
Let u = 112 + -63. Suppose 3*d = 2*a - 4*a + u, 4*d - 64 = -2*a. Let b = 7 - 2. What is the greatest common divisor of b and d?
5
Suppose -4*a + 50 = -18. Suppose 0 = 4*o - a - 15. Suppose 0*l - l = 5*m - 45, -5*l = m - 33. Calculate the greatest common factor of m and o.
8
Let k(b) = -8*b**3 - b - 2. Let f be k(-1). Calculate the highest common factor of 49 and f.
7
Let p be 676/10 + (-4)/(-10). Suppose 9 = 3*r - 42. What is the highest common factor of p and r?
17
Let a(f) = f**2 + 10*f + 5. Suppose -2*q = q + 33. Let b be a(q). Let r(t) = 10*t - 6. Let u be r(7). Calculate the greatest common divisor of b and u.
16
Suppose -q - 39 = -3*u, 0 = 2*u + 3*q + q - 40. Suppose -392 = -4*v + 3*k, 4*k = -2*v + 64 + 132. What is the greatest common factor of v and u?
14
Let x = -39 - -56. What is the greatest common divisor of x and 187?
17
Let l = -348 - -498. What is the highest common factor of 15 and l?
15
Let m(f) = f**2 + 6*f + 2. Let r be m(-8). Suppose -2*n + r = -14. Let i = 19 - 3. Calculate the highest common divisor of n and i.
16
Suppose 25 = 5*r + j, -4*j = -7 + 27. Calculate the highest common factor of r and 2.
2
Let s = 14 - 25. Let w = -7 - s. Let r(q) = -q + 4. Let g be r(3). Calculate the highest common divisor of w and g.
1
Let g = 0 - -3. Suppose g*z = 31 + 17. What is the greatest common factor of z and 128?
16
